{"id":21012,"date":"2021-12-14T17:31:32","date_gmt":"2021-12-14T16:31:32","guid":{"rendered":"https:\/\/www.scuolarenatofucini.edu.it\/site\/?page_id=21012"},"modified":"2022-03-01T18:12:37","modified_gmt":"2022-03-01T17:12:37","slug":"vinco-se-leggo","status":"publish","type":"page","link":"https:\/\/www.scuolarenatofucini.edu.it\/site\/vinco-se-leggo\/","title":{"rendered":"Vinco, se leggo!"},"content":{"rendered":"\t\t<div data-elementor-type=\"wp-page\" data-elementor-id=\"21012\" class=\"elementor elementor-21012\" data-elementor-settings=\"[]\">\n\t\t\t\t\t\t<div class=\"elementor-inner\">\n\t\t\t\t\t\t\t<div class=\"elementor-section-wrap\">\n\t\t\t\t\t\t\t<section class=\"elementor-section elementor-top-section elementor-element elementor-element-2d23293 elementor-section-boxed elementor-section-height-default elementor-section-height-default\" data-id=\"2d23293\" data-element_type=\"section\">\n\t\t\t\t\t\t<div class=\"elementor-container elementor-column-gap-default\">\n\t\t\t\t\t\t\t<div class=\"elementor-row\">\n\t\t\t\t\t<div class=\"elementor-column elementor-col-100 elementor-top-column elementor-element elementor-element-308d2fa\" data-id=\"308d2fa\" data-element_type=\"column\">\n\t\t\t<div class=\"elementor-column-wrap elementor-element-populated\">\n\t\t\t\t\t\t\t<div class=\"elementor-widget-wrap\">\n\t\t\t\t\t\t<div class=\"elementor-element elementor-element-12c6dc1 elementor-widget elementor-widget-image\" data-id=\"12c6dc1\" data-element_type=\"widget\" data-widget_type=\"image.default\">\n\t\t\t\t<div class=\"elementor-widget-container\">\n\t\t\t\t\t\t\t\t<div class=\"elementor-image\">\n\t\t\t\t\t\t\t\t\t\t\t\t<img width=\"768\" height=\"543\" src=\"https:\/\/www.scuolarenatofucini.edu.it\/site\/wp-content\/uploads\/2022\/03\/Gara-di-lettura-tra-classi-terze-768x543.jpg\" class=\"attachment-medium_large size-medium_large\" alt=\"\" loading=\"lazy\" srcset=\"https:\/\/www.scuolarenatofucini.edu.it\/site\/wp-content\/uploads\/2022\/03\/Gara-di-lettura-tra-classi-terze-768x543.jpg 768w, https:\/\/www.scuolarenatofucini.edu.it\/site\/wp-content\/uploads\/2022\/03\/Gara-di-lettura-tra-classi-terze-300x212.jpg 300w, https:\/\/www.scuolarenatofucini.edu.it\/site\/wp-content\/uploads\/2022\/03\/Gara-di-lettura-tra-classi-terze-1024x724.jpg 1024w, https:\/\/www.scuolarenatofucini.edu.it\/site\/wp-content\/uploads\/2022\/03\/Gara-di-lettura-tra-classi-terze-1536x1086.jpg 1536w, https:\/\/www.scuolarenatofucini.edu.it\/site\/wp-content\/uploads\/2022\/03\/Gara-di-lettura-tra-classi-terze-2048x1448.jpg 2048w\" sizes=\"(max-width: 768px) 100vw, 768px\" \/>\t\t\t\t\t\t\t\t\t\t\t\t\t\t<\/div>\n\t\t\t\t\t\t<\/div>\n\t\t\t\t<\/div>\n\t\t\t\t\t\t<\/div>\n\t\t\t\t\t<\/div>\n\t\t<\/div>\n\t\t\t\t\t\t\t\t<\/div>\n\t\t\t\t\t<\/div>\n\t\t<\/section>\n\t\t\t\t<section class=\"elementor-section elementor-top-section elementor-element elementor-element-87f5d94 elementor-section-boxed elementor-section-height-default elementor-section-height-default\" data-id=\"87f5d94\" data-element_type=\"section\">\n\t\t\t\t\t\t<div class=\"elementor-container elementor-column-gap-default\">\n\t\t\t\t\t\t\t<div class=\"elementor-row\">\n\t\t\t\t\t<div class=\"elementor-column elementor-col-100 elementor-top-column elementor-element elementor-element-8125e1b\" data-id=\"8125e1b\" data-element_type=\"column\">\n\t\t\t<div class=\"elementor-column-wrap elementor-element-populated\">\n\t\t\t\t\t\t\t<div class=\"elementor-widget-wrap\">\n\t\t\t\t\t\t<div class=\"elementor-element elementor-element-98f7393 elementor-widget elementor-widget-spacer\" data-id=\"98f7393\" data-element_type=\"widget\" data-widget_type=\"spacer.default\">\n\t\t\t\t<div class=\"elementor-widget-container\">\n\t\t\t\t\t<div class=\"elementor-spacer\">\n\t\t\t<div class=\"elementor-spacer-inner\"><\/div>\n\t\t<\/div>\n\t\t\t\t<\/div>\n\t\t\t\t<\/div>\n\t\t\t\t\t\t<\/div>\n\t\t\t\t\t<\/div>\n\t\t<\/div>\n\t\t\t\t\t\t\t\t<\/div>\n\t\t\t\t\t<\/div>\n\t\t<\/section>\n\t\t\t\t<section class=\"elementor-section elementor-top-section elementor-element elementor-element-43c1fab elementor-section-boxed elementor-section-height-default elementor-section-height-default\" data-id=\"43c1fab\" data-element_type=\"section\">\n\t\t\t\t\t\t<div class=\"elementor-container elementor-column-gap-default\">\n\t\t\t\t\t\t\t<div class=\"elementor-row\">\n\t\t\t\t\t<div class=\"elementor-column elementor-col-100 elementor-top-column elementor-element elementor-element-34d87dd\" data-id=\"34d87dd\" data-element_type=\"column\">\n\t\t\t<div class=\"elementor-column-wrap elementor-element-populated\">\n\t\t\t\t\t\t\t<div class=\"elementor-widget-wrap\">\n\t\t\t\t\t\t<div class=\"elementor-element elementor-element-0c29f4f elementor-widget elementor-widget-text-editor\" data-id=\"0c29f4f\" data-element_type=\"widget\" data-widget_type=\"text-editor.default\">\n\t\t\t\t<div class=\"elementor-widget-container\">\n\t\t\t\t\t\t\t\t<div class=\"elementor-text-editor elementor-clearfix\">\n\t\t\t\t<p><span style=\"color: #000000;\">\u201cVinco, se leggo!\u201d \u00e8 un progetto rivolto alle classi terze finalizzato a stimolare l\u2019interesse per la lettura attraverso la strategia del gioco e della competizione.<\/span><\/p><p><span style=\"color: #000000;\">Si propone la lettura di <em>Marcovaldo ovvero le stagioni in citt\u00e0<\/em> di Italo Calvino. La gara si svolger\u00e0 nella settimana dal 14 al 19 marzo 2022.<\/span><\/p><p><span style=\"color: #000000;\">Le classi partecipanti si sfideranno due per volta: la vincitrice passer\u00e0 il turno e parteciper\u00e0 alla selezione successiva e cos\u00ec via, per arrivare poi alla finale, durante la quale si affronteranno le due finaliste e sar\u00e0 cos\u00ec decretata la classe vincente.<\/span><\/p><p><span style=\"color: #000000;\">La gara si svilupper\u00e0 attraverso quiz di conoscenza e abilit\u00e0 interpretative del libro. Ad ogni risposta esatta verr\u00e0 attribuito un punto: l\u2019obiettivo della classe \u00e8 realizzare il punteggio pi\u00f9 alto rispondendo in modo corretto alle domande formulate dal conduttore.<\/span><\/p><p><span style=\"color: #000000;\">A tutti i partecipanti verranno consegnati l\u2019attestato di partecipazione e un segnalibro, mentre gli alunni della prima e della seconda squadra classificate riceveranno un premio.<\/span><\/p><p><span style=\"color: #000000;\">\u00a0\u00a0\u00a0\u00a0\u00a0\u00a0\u00a0\u00a0\u00a0\u00a0\u00a0\u00a0\u00a0\u00a0\u00a0\u00a0\u00a0\u00a0\u00a0\u00a0\u00a0\u00a0\u00a0\u00a0\u00a0\u00a0\u00a0\u00a0\u00a0\u00a0\u00a0\u00a0\u00a0\u00a0\u00a0\u00a0\u00a0\u00a0\u00a0\u00a0\u00a0\u00a0\u00a0\u00a0\u00a0\u00a0\u00a0\u00a0\u00a0\u00a0\u00a0\u00a0\u00a0\u00a0\u00a0\u00a0\u00a0\u00a0\u00a0\u00a0\u00a0\u00a0\u00a0\u00a0\u00a0\u00a0\u00a0\u00a0\u00a0\u00a0\u00a0\u00a0\u00a0\u00a0\u00a0\u00a0\u00a0\u00a0\u00a0\u00a0\u00a0\u00a0\u00a0\u00a0\u00a0\u00a0\u00a0\u00a0\u00a0\u00a0 \u00a0\u00a0\u00a0\u00a0\u00a0\u00a0\u00a0\u00a0\u00a0\u00a0\u00a0\u00a0\u00a0\u00a0\u00a0\u00a0Buona lettura e in bocca al lupo!<\/span><\/p>\t\t\t\t\t<\/div>\n\t\t\t\t\t\t<\/div>\n\t\t\t\t<\/div>\n\t\t\t\t\t\t<\/div>\n\t\t\t\t\t<\/div>\n\t\t<\/div>\n\t\t\t\t\t\t\t\t<\/div>\n\t\t\t\t\t<\/div>\n\t\t<\/section>\n\t\t\t\t\t\t<\/div>\n\t\t\t\t\t\t<\/div>\n\t\t\t\t\t<\/div>\n\t\t","protected":false},"excerpt":{"rendered":"<p>\u201cVinco, se leggo!\u201d \u00e8 un progetto rivolto alle classi terze finalizzato a stimolare l\u2019interesse per la lettura attraverso la strategia del gioco e della competizione. Si propone la lettura di Marcovaldo ovvero le stagioni in citt\u00e0 di Italo Calvino. La gara si svolger\u00e0 nella settimana dal 14 al 19 marzo 2022. Le classi partecipanti si [&hellip;]<\/p>\n","protected":false},"author":6,"featured_media":0,"parent":0,"menu_order":0,"comment_status":"closed","ping_status":"closed","template":"","meta":[],"yoast_head":"<!-- This site is optimized with the Yoast SEO plugin v18.4.1 - https:\/\/yoast.com\/wordpress\/plugins\/seo\/ -->\n<title>Vinco, se leggo! - Scuola Fucini Roncalli<\/title>\n<meta name=\"robots\" content=\"index, follow, max-snippet:-1, max-image-preview:large, max-video-preview:-1\" \/>\n<link rel=\"canonical\" href=\"https:\/\/www.scuolarenatofucini.edu.it\/site\/vinco-se-leggo\/\" \/>\n<meta property=\"og:locale\" content=\"it_IT\" \/>\n<meta property=\"og:type\" content=\"article\" \/>\n<meta property=\"og:title\" content=\"Vinco, se leggo! - Scuola Fucini Roncalli\" \/>\n<meta property=\"og:description\" content=\"\u201cVinco, se leggo!\u201d \u00e8 un progetto rivolto alle classi terze finalizzato a stimolare l\u2019interesse per la lettura attraverso la strategia del gioco e della competizione. Si propone la lettura di Marcovaldo ovvero le stagioni in citt\u00e0 di Italo Calvino. La gara si svolger\u00e0 nella settimana dal 14 al 19 marzo 2022. Le classi partecipanti si [&hellip;]\" \/>\n<meta property=\"og:url\" content=\"https:\/\/www.scuolarenatofucini.edu.it\/site\/vinco-se-leggo\/\" \/>\n<meta property=\"og:site_name\" content=\"Scuola Fucini Roncalli\" \/>\n<meta property=\"article:modified_time\" content=\"2022-03-01T17:12:37+00:00\" \/>\n<meta property=\"og:image\" content=\"https:\/\/www.scuolarenatofucini.edu.it\/site\/wp-content\/uploads\/2022\/03\/Gara-di-lettura-tra-classi-terze-768x543.jpg\" \/>\n<meta name=\"twitter:card\" content=\"summary_large_image\" \/>\n<meta name=\"twitter:label1\" content=\"Tempo di lettura stimato\" \/>\n\t<meta name=\"twitter:data1\" content=\"2 minuti\" \/>\n<script type=\"application\/ld+json\" class=\"yoast-schema-graph\">{\"@context\":\"https:\/\/schema.org\",\"@graph\":[{\"@type\":\"WebSite\",\"@id\":\"https:\/\/www.scuolarenatofucini.edu.it\/site\/#website\",\"url\":\"https:\/\/www.scuolarenatofucini.edu.it\/site\/\",\"name\":\"Scuola Fucini Roncalli\",\"description\":\"Un nuovo sito targato WordPress\",\"potentialAction\":[{\"@type\":\"SearchAction\",\"target\":{\"@type\":\"EntryPoint\",\"urlTemplate\":\"https:\/\/www.scuolarenatofucini.edu.it\/site\/?s={search_term_string}\"},\"query-input\":\"required name=search_term_string\"}],\"inLanguage\":\"it-IT\"},{\"@type\":\"ImageObject\",\"@id\":\"https:\/\/www.scuolarenatofucini.edu.it\/site\/vinco-se-leggo\/#primaryimage\",\"inLanguage\":\"it-IT\",\"url\":\"https:\/\/www.scuolarenatofucini.edu.it\/site\/wp-content\/uploads\/2022\/03\/Gara-di-lettura-tra-classi-terze-scaled.jpg\",\"contentUrl\":\"https:\/\/www.scuolarenatofucini.edu.it\/site\/wp-content\/uploads\/2022\/03\/Gara-di-lettura-tra-classi-terze-scaled.jpg\",\"width\":2560,\"height\":1810},{\"@type\":\"WebPage\",\"@id\":\"https:\/\/www.scuolarenatofucini.edu.it\/site\/vinco-se-leggo\/#webpage\",\"url\":\"https:\/\/www.scuolarenatofucini.edu.it\/site\/vinco-se-leggo\/\",\"name\":\"Vinco, se leggo! - Scuola Fucini Roncalli\",\"isPartOf\":{\"@id\":\"https:\/\/www.scuolarenatofucini.edu.it\/site\/#website\"},\"primaryImageOfPage\":{\"@id\":\"https:\/\/www.scuolarenatofucini.edu.it\/site\/vinco-se-leggo\/#primaryimage\"},\"datePublished\":\"2021-12-14T16:31:32+00:00\",\"dateModified\":\"2022-03-01T17:12:37+00:00\",\"breadcrumb\":{\"@id\":\"https:\/\/www.scuolarenatofucini.edu.it\/site\/vinco-se-leggo\/#breadcrumb\"},\"inLanguage\":\"it-IT\",\"potentialAction\":[{\"@type\":\"ReadAction\",\"target\":[\"https:\/\/www.scuolarenatofucini.edu.it\/site\/vinco-se-leggo\/\"]}]},{\"@type\":\"BreadcrumbList\",\"@id\":\"https:\/\/www.scuolarenatofucini.edu.it\/site\/vinco-se-leggo\/#breadcrumb\",\"itemListElement\":[{\"@type\":\"ListItem\",\"position\":1,\"name\":\"Home\",\"item\":\"https:\/\/www.scuolarenatofucini.edu.it\/site\/\"},{\"@type\":\"ListItem\",\"position\":2,\"name\":\"Vinco, se leggo!\"}]}]}<\/script>\n<!-- \/ Yoast SEO plugin. -->","yoast_head_json":{"title":"Vinco, se leggo! - Scuola Fucini Roncalli","robots":{"index":"index","follow":"follow","max-snippet":"max-snippet:-1","max-image-preview":"max-image-preview:large","max-video-preview":"max-video-preview:-1"},"canonical":"https:\/\/www.scuolarenatofucini.edu.it\/site\/vinco-se-leggo\/","og_locale":"it_IT","og_type":"article","og_title":"Vinco, se leggo! - Scuola Fucini Roncalli","og_description":"\u201cVinco, se leggo!\u201d \u00e8 un progetto rivolto alle classi terze finalizzato a stimolare l\u2019interesse per la lettura attraverso la strategia del gioco e della competizione. Si propone la lettura di Marcovaldo ovvero le stagioni in citt\u00e0 di Italo Calvino. La gara si svolger\u00e0 nella settimana dal 14 al 19 marzo 2022. Le classi partecipanti si [&hellip;]","og_url":"https:\/\/www.scuolarenatofucini.edu.it\/site\/vinco-se-leggo\/","og_site_name":"Scuola Fucini Roncalli","article_modified_time":"2022-03-01T17:12:37+00:00","og_image":[{"url":"https:\/\/www.scuolarenatofucini.edu.it\/site\/wp-content\/uploads\/2022\/03\/Gara-di-lettura-tra-classi-terze-768x543.jpg"}],"twitter_card":"summary_large_image","twitter_misc":{"Tempo di lettura stimato":"2 minuti"},"schema":{"@context":"https:\/\/schema.org","@graph":[{"@type":"WebSite","@id":"https:\/\/www.scuolarenatofucini.edu.it\/site\/#website","url":"https:\/\/www.scuolarenatofucini.edu.it\/site\/","name":"Scuola Fucini Roncalli","description":"Un nuovo sito targato WordPress","potentialAction":[{"@type":"SearchAction","target":{"@type":"EntryPoint","urlTemplate":"https:\/\/www.scuolarenatofucini.edu.it\/site\/?s={search_term_string}"},"query-input":"required name=search_term_string"}],"inLanguage":"it-IT"},{"@type":"ImageObject","@id":"https:\/\/www.scuolarenatofucini.edu.it\/site\/vinco-se-leggo\/#primaryimage","inLanguage":"it-IT","url":"https:\/\/www.scuolarenatofucini.edu.it\/site\/wp-content\/uploads\/2022\/03\/Gara-di-lettura-tra-classi-terze-scaled.jpg","contentUrl":"https:\/\/www.scuolarenatofucini.edu.it\/site\/wp-content\/uploads\/2022\/03\/Gara-di-lettura-tra-classi-terze-scaled.jpg","width":2560,"height":1810},{"@type":"WebPage","@id":"https:\/\/www.scuolarenatofucini.edu.it\/site\/vinco-se-leggo\/#webpage","url":"https:\/\/www.scuolarenatofucini.edu.it\/site\/vinco-se-leggo\/","name":"Vinco, se leggo! - Scuola Fucini Roncalli","isPartOf":{"@id":"https:\/\/www.scuolarenatofucini.edu.it\/site\/#website"},"primaryImageOfPage":{"@id":"https:\/\/www.scuolarenatofucini.edu.it\/site\/vinco-se-leggo\/#primaryimage"},"datePublished":"2021-12-14T16:31:32+00:00","dateModified":"2022-03-01T17:12:37+00:00","breadcrumb":{"@id":"https:\/\/www.scuolarenatofucini.edu.it\/site\/vinco-se-leggo\/#breadcrumb"},"inLanguage":"it-IT","potentialAction":[{"@type":"ReadAction","target":["https:\/\/www.scuolarenatofucini.edu.it\/site\/vinco-se-leggo\/"]}]},{"@type":"BreadcrumbList","@id":"https:\/\/www.scuolarenatofucini.edu.it\/site\/vinco-se-leggo\/#breadcrumb","itemListElement":[{"@type":"ListItem","position":1,"name":"Home","item":"https:\/\/www.scuolarenatofucini.edu.it\/site\/"},{"@type":"ListItem","position":2,"name":"Vinco, se leggo!"}]}]}},"_links":{"self":[{"href":"https:\/\/www.scuolarenatofucini.edu.it\/site\/wp-json\/wp\/v2\/pages\/21012"}],"collection":[{"href":"https:\/\/www.scuolarenatofucini.edu.it\/site\/wp-json\/wp\/v2\/pages"}],"about":[{"href":"https:\/\/www.scuolarenatofucini.edu.it\/site\/wp-json\/wp\/v2\/types\/page"}],"author":[{"embeddable":true,"href":"https:\/\/www.scuolarenatofucini.edu.it\/site\/wp-json\/wp\/v2\/users\/6"}],"replies":[{"embeddable":true,"href":"https:\/\/www.scuolarenatofucini.edu.it\/site\/wp-json\/wp\/v2\/comments?post=21012"}],"version-history":[{"count":6,"href":"https:\/\/www.scuolarenatofucini.edu.it\/site\/wp-json\/wp\/v2\/pages\/21012\/revisions"}],"predecessor-version":[{"id":25757,"href":"https:\/\/www.scuolarenatofucini.edu.it\/site\/wp-json\/wp\/v2\/pages\/21012\/revisions\/25757"}],"wp:attachment":[{"href":"https:\/\/www.scuolarenatofucini.edu.it\/site\/wp-json\/wp\/v2\/media?parent=21012"}],"curies":[{"name":"wp","href":"https:\/\/api.w.org\/{rel}","templated":true}]}}